- 7*i**2 - 5*i + 1. What is the tens digit of m(8)?
2
Let g be (-2)/(-6) - (-8)/3. Suppose 5*t + g = 28, 0 = -5*a - t + 10. Let x(h) = 8*h - 1. What is the units digit of x(a)?
7
Let c(f) = -f**2 - 20*f - 15. What is the tens digit of c(-12)?
8
Let u = -31 + 51. What is the units digit of u?
0
What is the tens digit of ((-10)/(-20))/(2/532)?
3
Suppose -4*b = -2*b. Let x be (b - 4/(-6))*18. Suppose 2*a + x - 28 = 0. What is the units digit of a?
8
Let s(c) be the third derivative of -c**5/60 - 11*c**4/24 - 2*c**3 + 3*c**2. Let b be s(-9). What is the units digit of (-3)/b - 42/(-4)?
0
Let i(d) = 2*d - 7. Suppose 5*q = 20, h + 3 = q + q. Let g be i(h). Suppose 18 = -4*x + j + 49, 0 = -g*x + j + 24. What is the units digit of x?
7
Let p = -14 + 10. Let j = 0 - 0. What is the tens digit of (-26)/p*(2 + j)?
1
Let i = 5 + -2. Suppose 0*p - 5 = p - t, -3*p - t + 5 = 0. What is the units digit of i + -1 - -5 - p?
7
Let c be 2/(-6) + (-30)/(-9). Suppose -2*b + c*b = -3*h - 3, -3 = -2*b - 3*h. What is the units digit of b?
6
Let g be 320/(-24) - (-1)/3. Suppose 5*m = 3*p - 24, -2*p + 0 - 34 = 5*m. Let i = m - g. What is the units digit of i?
7
Let z = 108 - 73. Let f = z + -20. What is the units digit of f?
5
Suppose -9 = g - 3*h, -3*g = 3*h - 24 + 3. Suppose -i + 4*i - 26 = -a, 0 = 4*i + g*a - 38. What is the units digit of i?
8
Let c(o) = 5*o**3 - o**2 - 3*o - 3. What is the units digit of c(3)?
4
Let q(a) = 6 + 0*a + 2*a + 0 + 2. What is the tens digit of q(6)?
2
Suppose 2*l + 2*l - 120 = 0. What is the tens digit of l?
3
Suppose 6*q + 2 = 224. What is the tens digit of q?
3
Suppose -4*c = -2*p + 338, 5*p + 3*c - 860 = -2*c. What is the hundreds digit of p?
1
Suppose 0 = j - 2*h + 5, -j + 3*h - 24 = -5*j. Suppose -3*r = 5*t - 89, j*t - 5*r = 4*t - 9. What is the tens digit of 1*t*9/9?
1
Let i = 10 - 3. Let a = 11 - i. What is the units digit of a?
4
Let z be (-2*(-22)/(-4))/1. Let c = z + 5. What is the units digit of ((-6)/4)/(c/32)?
8
Suppose -5*i + 99 + 196 = -5*b, -2*i - 4*b = -94. What is the units digit of i?
5
Let v(t) = -t - 5. Let y be v(-5). Suppose -4*g + 16 = -y*g. Suppose g*r - 22 = -5*i + 31, 2*r = -5*i + 49. What is the units digit of i?
9
Let n(r) be the third derivative of 2/15*r**5 - r**2 + 0*r - 11/24*r**4 + 0 - 5/3*r**3 + 1/120*r**6. What is the units digit of n(-9)?
8
Let g = 93 - 134. Let b = 24 + g. Let o = b + 28. What is the tens digit of o?
1
Let i(n) = 3*n + 3*n**2 - 2*n - 4*n**2 + 1. Let x be i(2). What is the units digit of (3/(-4))/(x/12)?
9
Let t(c) = c**2 - 9*c. Let a be t(9). Suppose 4*z + 4 = -a*x + 2*x, -5*z + 8 = 4*x. What is the units digit of (0/x)/(-2) + 9?
9
Let l(c) = c**3 - 11*c**2 + 12*c + 11. What is the units digit of l(10)?
1
Let i(g) = -5*g**2 + 11*g + 1. Let k(f) = -f**2 + f - 1. Let j(w) = i(w) - 6*k(w). What is the units digit of j(-4)?
3
Suppose -5*g = 5*x - 280, g + g = 4*x - 206. What is the tens digit of x?
5
Let a = -7 + -7. What is the units digit of (10/(-4))/(7/a)?
5
Suppose 4*b = -3*z + 358, -4*z - 5*b = -2*b - 468. What is the hundreds digit of z?
1
Let m be 67/3 - 4/12. Suppose 20 + m = 3*z. What is the units digit of z?
4
Let x(v) = -v**2 + v - 1. Let h be x(3). Let k = 3 + h. Let p(u) = -u**2 - 5*u. What is the units digit of p(k)?
4
Suppose 3*a - 67 = -f, 3*f - 175 = -5*a + 26. What is the tens digit of f?
6
Let l(i) = i**2 - 1. Suppose -3*r - 10 = 5*w + 2*r, -2 = -4*w - 2*r. Suppose w*z - z - 9 = k, -k = 3*z - 6. What is the units digit of l(k)?
8
Suppose -5*s - 150 = -5*p, -p - 4*p = 3*s - 142. What is the units digit of p?
9
Suppose 0 = -q - q + 26. Suppose 2*y = 3*y - q. What is the tens digit of y?
1
What is the tens digit of (5 - -71) + 1 + -3?
7
Let c(a) = -a**2 - 14*a + 7. What is the units digit of c(-13)?
0
Let a(w) = 3*w + 2. Let l be (2 - 11)*8/(-6). Let o(m) = m - 6. Let k be o(l). What is the units digit of a(k)?
0
Let z = 120 + -55. What is the units digit of z?
5
Let r(z) = 17*z + 1. Let u be r(-2). What is the units digit of 1/3 - u/9?
4
Let z(s) = s**3 + 14*s**2 + 5*s + 41. What is the units digit of z(-12)?
9
Let x(r) = r + 33. What is the units digit of x(-16)?
7
Suppose -3*a + 3 + 0 = 0. Suppose x = 6*x. Suppose b + 3*p = x, 3*p - a = b + 7*p. What is the units digit of b?
3
Suppose -5*k + 11 + 9 = 0. Suppose -k*y + 5 = -47. What is the units digit of y?
3
Suppose -182 + 26 = -3*h. What is the units digit of h/6 + (-2)/3?
8
Suppose 5 = 5*v, -2*b - 4*v + 3 = -7*v. What is the units digit of (1/b)/((-5)/(-30))?
2
Let y = 8 + -3. What is the units digit of y?
5
Let i(d) = -4*d**2 - 12 + 11 + 6 - d**3 + 2*d. What is the units digit of i(-5)?
0
Let j = -13 - -2. Let m = j - -17. Let d = 19 - m. What is the units digit of d?
3
Let o(z) = -z**3 - z. Let w(i) = 3*i**3 + 2*i**2 - 4*i. Let c(g) = -3*o(g) + w(g). Let a be c(1). Suppose a = f - 0. What is the units digit of f?
7
Suppose 71 = 5*o - 9. Suppose -4*g = -o + 4. Let p = g + -2. What is the units digit of p?
1
Let n = -3 + 5. What is the units digit of (-2*1)/n - -8?
7
Let g(a) = 7*a + 0 - 8*a + 11. Let y be ((-2)/(-3))/((-6)/(-45)). What is the units digit of g(y)?
6
Let a(s) = -3*s - 5 + 8 - 5 - 3*s. What is the units digit of a(-1)?
4
Let z(b) = -b**2 + 5*b + 3. Let j be z(5). Suppose -x + 3*q + 40 = 0, -4*q - 89 = -j*x + 6. What is the tens digit of x?
2
Suppose -2*z + 4*z = 168. What is the units digit of z?
4
Let h = -3 + 66. Suppose 4*u - h - 21 = 0. What is the tens digit of u?
2
Let x(k) = 2*k**2 + 2*k + 5. Suppose 0*n = -2*u - 5*n + 5, 5*u + 28 = n. What is the units digit of x(u)?
5
What is the units digit of 1*(1222/14 + (-10)/35)?
7
Suppose 2*s - 12 = -2*i, 2*s - 3*s - 2*i + 11 = 0. What is the tens digit of (s + (-3)/6)*26?
1
Suppose -4*l + 5*l - 38 = 0. What is the tens digit of l?
3
Suppose 3*a = -2*f + 11 + 51, 25 = -5*f. What is the units digit of 30/(-4)*a/(-18)?
0
Suppose 87 = y - 51. What is the units digit of y?
8
Suppose 0 = -5*d + 4*s + 249, 3*d + 7*s - 171 = 4*s. What is the units digit of d?
3
Suppose -2*b - 9 = q, 2 + 5 = 2*q - b. Suppose -d + 5*n = 36, n - 4 = -q. Let m = -11 - d. What is the units digit of m?
0
What is the tens digit of (-16)/4*(-1)/(-2) - -109?
0
What is the units digit of (-1)/((-6)/10)*(-663)/(-13)?
5
Suppose 3*u - 30 = 3*i - 0*u, 0 = -i + 2*u - 15. Let v be 0/((-2 - i) + 0). Suppose v = -n + 6*n - 5. What is the units digit of n?
1
Suppose -260 = -5*d + 5*y, y + 87 = -5*d + 359. What is the units digit of d?
4
Suppose -148 = -h - 3. What is the tens digit of h?
4
What is the units digit of 4 - (1 - (-90)/(-3))?
3
Let s(t) = 3*t + 1. Suppose -5*w = 10, x + 0 = -5*w - 9. Let f be s(x). What is the units digit of (-2)/4 + 14/f?
3
Suppose -6 + 30 = -4*u. Let f be ((-84)/18)/(4/u). Let p = f - -3. What is the tens digit of p?
1
Let b = -138 + 308. Suppose 6*h = h + b. What is the units digit of h?
4
Let m(k) = 7*k**2 - 8*k + 2. What is the tens digit of m(2)?
1
Let v be ((-16)/(-12))/((-2)/9). Let i be 2*(21/(-2))/(-3). Let b = i + v. What is the units digit of b?
1
Let q = 175 - -63. What is the tens digit of q?
3
Let p(f) = 2*f - 5. Let x be p(4). Suppose -x*g = -104 - 61. Suppose -b + g = 4*b. What is the tens digit of b?
1
Let j(s) = -s - 1. Let a be j(3). What is the tens digit of (a/(-6))/(4/234)?
3
What is the tens digit of (10 - -3)*(0 - -1)?
1
What is the tens digit of 0 - (1 - 3) - (-47 + -5)?
5
Let m be ((-10)/15)/((-2)/39). Let k = m + -3. What is the units digit of k?
0
Let p(f) = -f**3 - 3*f**2 + 4*f - 1. Let s be p(-4). Let h be (7 + -6)*(s + 1). Suppose -5*v + 2*m = -h*m - 60, 5*v = -m + 60. What is the units digit of v?
2
Suppose -m - 4*m = 0. Let a be (3/(-6)*m)/1. Suppose -5*g + n = -a*g - 15, 3*g - 11 = n. What is the units digit of g?
2
Let k = 1 - -3. Suppose k*o - 22 = 2*o. Let p = o - 2. What is the units digit of p?
9
Suppose 4*n - 39 = n. What is the tens digit of n?
1
Suppose 2 = 2*u - 0*u. Suppose 0 = -w + u + 2. What is the units digit of w/(-3 - -3 - -1)?
3
Let l(s) = -s**2 + 6. Let v be l(0). Suppose o = v*o. Let i(a) = a**2 - a + 3. What is the units digit of i(o)?
3
Suppose 0 = v - 2*v + 3. Let c(z) = -z**3 - 4*z**2 - z - 4. Let p be c(-4). Suppose v*w + w - 56 = p. What is the tens digit of w?
1
Let w(a) = -a**2 - a - 4*a**2 + 6*a**2 - 